 + 0)*((-3)/1)/3?
3
Let z(n) = -n**3 + n - 2. Let c = 31 + 20. Suppose -c = 18*d + 3. What is the units digit of z(d)?
2
Suppose -41 - 19 = -12*c. Suppose -4*a + 873 = c*f - 55, 2*f - 364 = -4*a. What is the hundreds digit of f?
1
Suppose 44*n + 178254 = 71*n. What is the units digit of n?
2
What is the ten thousands digit of (-51)/561 - (-5210755)/121?
4
Suppose -2*a - 20 = -12*a. Let y(n) = 31 + 2*n + a*n - 24. What is the tens digit of y(2)?
1
Suppose -479*v + 488*v = 306. Let d be (-178)/(-8) + (-3)/12. Let o = v + d. What is the units digit of o?
6
Suppose -19*h - 2214 = -h. Let z = 673 + h. What is the hundreds digit of z?
5
Let x = 106 + -108. What is the units digit of 299 - (-5 + 1 + x)?
5
Let n be ((-8)/(-5))/((-18)/(-45)). Suppose -5*i + 127 = n*z, -7*z - 4*i + 68 = -5*z. What is the units digit of z?
8
Suppose 141*i - 33185 + 12396 = 9103. What is the tens digit of i?
1
What is the tens digit of (1 + 167)/((-82)/(-1763))?
1
Suppose 0 = 5*r - 23 + 8, 0 = 4*c - 5*r + 3. Suppose -5*d - y = -c*d - 2514, 3*d - 3784 = 5*y. What is the thousands digit of d?
1
Let n(g) = -5779*g**3 - 12*g**2 - 2*g. What is the tens digit of n(-1)?
6
Suppose -2*p = 3*c - 80, -3*p + 29 = 5*c - 4*c. Suppose 30*r - c*r - 3248 = 0. What is the hundreds digit of r?
8
Let x(y) = 2*y**3 - 8*y**2 + 13*y + 1. Let m(q) = 2*q**2 - 18*q + 16. Let l be m(12). Let h = l + -83. What is the hundreds digit of x(h)?
1
Let x(k) = -38 - 157*k - 86*k - 9*k. What is the units digit of x(-3)?
8
Let s(m) = m + 37. Let i(w) = w**2 - 4*w + 13. Let v(n) = n - 11. Let o be v(16). Let x be i(o). What is the tens digit of s(x)?
5
Let w be (-4 - (-32)/5)*-5. Let y = -24 - w. What is the tens digit of (-8)/y*(-1 + 143/2)?
4
Suppose -3*s - 2*f = -16008, -3*s - 4*f + 5109 = -10911. What is the tens digit of s?
3
Let b be ((-116)/(-8))/(2/48). Let m be 100/15 + 4/(-6) + 10. Suppose 13*w + b = m*w. What is the hundreds digit of w?
1
Let v(o) = -o**3 + 8*o**2 - 4*o + 12. Let h be v(9). Let w = 91 + -317. Let b = h - w. What is the units digit of b?
1
Let p = 27882 - 14010. What is the tens digit of p?
7
Suppose 4*o + 5*i - 152584 = -26781, 18 = -2*i. What is the ten thousands digit of o?
3
Let s(c) = 3*c**3 - 4*c**2 - 2*c - 36. Let j be s(7). Suppose -1305 = -5*r - t, 14*t - 9*t = -3*r + j. What is the hundreds digit of r?
2
What is the hundreds digit of ((-3)/7 - -1)/((-1776)/(-30999192))?
9
Let q be (-10)/(24/(-20)*-1)*-18. Suppose -4*t = t - q. Suppose 6*m + 5*c = 2*m + t, 4*c - 18 = -2*m. What is the units digit of m?
5
Let a(m) = 13*m - 15. Let w(q) = -4*q**3 + 21*q**2 - 3*q - 7. Let z be w(5). Let g be a(z). What is the tens digit of ((-905)/20)/((-3)/g*2)?
8
Let i(f) = 29*f - 71. Suppose -24*c - 21 = -27*c. What is the units digit of i(c)?
2
Suppose -40 = 5*i, -9*i = -5*x - 6*i + 195679. What is the tens digit of x?
3
Let b(v) be the second derivative of 5*v - 1/2*v**4 - 1 - 1/20*v**5 - 5/3*v**3 - 19/2*v**2. What is the tens digit of b(-6)?
4
What is the tens digit of (-189)/(-28)*(1543/3 - -3)?
9
Suppose -4*d = -k - 17670, 2*k = -19*d + 20*d - 4421. Suppose o - p = -0*p + 881, 2*p + d = 5*o. What is the hundreds digit of o?
8
Suppose -34*l + 76*l - 802956 = 0. What is the ten thousands digit of l?
1
Let y(r) = -4*r**3 + 0*r + 5*r**3 - 4*r + 5*r**2 + 7*r. Let n be y(-4). Suppose q - 51 = -n. What is the units digit of q?
7
Let v(j) = 5*j**3 - j**2 - 16*j - 5. Let d be v(-4). Let p = d + 640. What is the hundreds digit of p?
3
Let o(j) be the third derivative of 13*j**5/30 - 5*j**4/12 + 8*j**3/3 + 142*j**2. What is the tens digit of o(3)?
2
Suppose 0 = -24*v + 22*v - 852. Let z = v - -651. What is the hundreds digit of z?
2
Let l(g) = -25*g - 7. Let s(q) be the first derivative of 5*q**2/2 + 73*q - 23. Let o be s(-17). What is the units digit of l(o)?
3
Suppose 4*j + 4*z + 5326 = 29534, -2*j = 5*z - 12122. What is the tens digit of j?
4
Let y(h) = -h**3 - 12*h**2 - 20*h - 13. What is the tens digit of y(-19)?
9
Suppose -2123 = -4*n - l, n + 6*l - 522 = 4*l. Suppose -n = -4*g + 412. Suppose -4*a + g = 4*t, 2*t + 3*t + 4*a = 291. What is the tens digit of t?
5
Let q(r) = 104*r**2 + 668*r + 80. What is the tens digit of q(-22)?
2
Suppose 10*q = 5*q - 4*c + 87658, -2*q - 2*c = -35062. What is the hundreds digit of q?
5
Let n(v) be the second derivative of v**4/2 + v**3/6 + v**2 - 88*v. What is the hundreds digit of n(-7)?
2
Let u = -50 + 55. Let l(p) = -5*p + 25. Let g be l(u). Suppose g = -4*x + 9*x - 840. What is the units digit of x?
8
Suppose 3*c - 5*f - 4122 = -2*f, -2*c + 2730 = 4*f. Let o = -937 + c. What is the hundreds digit of o?
4
Let n be 658*(3 - (-10)/(-4)). Suppose 4*x + n = -339. What is the units digit of 1/3 + (x/(-3))/1?
6
Let q be (-428)/6*(-3)/1. Let k be (-24)/108 + 508/18. Suppose -k + q = j. What is the hundreds digit of j?
1
Suppose -5*z - 16999 = -y + 17507, -4 = -2*z. What is the tens digit of y?
1
Let c be 0 + (-2)/4 + 18/4. Let n be (-2)/(c + -2)*(-3 + -6). Suppose -n*s + 12*s = 648. What is the tens digit of s?
1
Let o be 4 + -1*(1 + 2) - -9. Suppose -d = o*d - 3773. What is the units digit of d?
3
Suppose 7*h - 8*h + 6*h = 0. Suppose h = -g + 4*j + 331, 3*g = -g + 5*j + 1302. What is the units digit of g?
3
Let w = -5909 - -8753. What is the hundreds digit of w?
8
Let q be (6 + (-154)/21)*1365/(-2). Suppose 8*n - q = 2978. What is the units digit of n?
6
Suppose -1982 = 5*r - 6*r. Let k = r - 1016. What is the hundreds digit of k?
9
Let z be (-2)/((-2)/(-23)) + 2. Let a(b) = 12*b**2 - 6*b + 18. Let v be a(6). What is the tens digit of (-14)/(-49) - v/z?
2
Suppose 127349 + 877 = 86*h. What is the tens digit of h?
9
Suppose 5*b = -2*b - 98. Let x = b + 4. What is the units digit of ((-16)/x)/(17/5 - 3)?
4
Suppose 7*y - 9 = 12. Suppose 0 = -2*j - 2*j + 68. What is the tens digit of j*10/(5 - y)?
8
Suppose 5 - 2 = -3*d + 4*i, 3*d - 3*i = 0. Suppose 0 = -3*r + h - 38, d*r + 0*h + 28 = -h. Let n = r - -123. What is the tens digit of n?
1
Suppose -5*a = -5*s + 25 + 130, -3*s - 6 = 0. Let g be (0 - -18)/(a/(-44)). What is the hundreds digit of 4 + (-414)/4*g/(-18)?
1
Let b = -330 + 330. Suppose b = i + 36*i - 43438. What is the thousands digit of i?
1
Suppose 4*b - 23016 = -19*p + 23*p, 4*p + 5754 = b. What is the units digit of b?
4
Let z = 14798 - 6699. What is the units digit of z?
9
Suppose 3*f + 3 = 9. Suppose -22 = -2*v - f*i, v - 3*i - 2*i = 5. What is the units digit of v?
0
Suppose -2*f - 3*j + 194724 = 24238, 2*j = 5*f - 426234. What is the ten thousands digit of f?
8
Let a(t) be the third derivative of t**5/60 + 7*t**4/12 - 3*t**3/2 + 12*t**2 + 3. What is the units digit of a(12)?
3
Suppose -21*h = -211260 - 450114. What is the units digit of h?
4
Suppose -8*u + 175428 = 4*u. What is the hundreds digit of u?
6
Let k(i) = i**2 + 18*i + 3. Let c be k(-18). Suppose -2*y - 10 = -3*g + 5, 0 = 4*y + 5*g - c. What is the tens digit of 4 - (-1 + y + -130)?
3
Let f(v) = -73*v - 1721. What is the thousands digit of f(-76)?
3
Suppose -10*f + 29 = -11. Suppose f*z = 2*z + 22. Suppose -2*j = -z*j + 432. What is the units digit of j?
8
What is the hundreds digit of 13928 - -7 - 2 - 10?
9
Suppose 0 = 5*m + 5*f - 1910, 6*m - 3*f - 1514 = 2*m. What is the hundreds digit of (m/3)/(200/24 + -8)?
3
Let h(d) = -41*d**2 + 4*d - 1. Let b be h(4). Let l = b - -980. What is the hundreds digit of l?
3
Suppose -6*m + 3*m - m = 0. Suppose 3*z - 11*z + 360 = m. What is the tens digit of z?
4
Let u = -78 - -77. Let r be 248/(-40) - (12/(-10) - u). Let y(c) = -c**3 - 6*c**2 - 9*c - 12. What is the tens digit of y(r)?
4
What is the tens digit of (5 - 6)/((-1)/11482)?
8
Let f(w) = 1200*w - 959. What is the units digit of f(6)?
1
Let i be 153020/120 + 15/18. Let n = -766 + i. What is the units digit of n?
0
Let q = 7 + -2. Let l(i) = -i**3 + 33*i**2 + 3*i + 5. Let u(x) = -7*x**2 - 2*x. Let n(m) = -l(m) - 4*u(m). What is the units digit of n(q)?
0
Let p(f) = 0 - 12 + 19*f - 7 - 1. What is the units digit of p(5)?
5
Let a be ((-12)/6 + (-3)/(-2))*2. Let u(m) = -161*m**2 + 1. Let w be u(a). What is the tens digit of (w/(-8))/((-4)/(-6))?
3
Suppose 1692*p = 1698*p - 18. Suppose -5*w + 295 = 2*h - 2*w, -p*h + w = -470. What is the units digit of h?
5
Suppose -19*p = p - 1440. Suppose -5*s + 